53*x + 36247. Determine s(143).
211
Let w(b) = -346*b + 4969. What is w(18)?
-1259
Let g(m) = 9652*m + 849388. Give g(-88).
12
Let q(l) = 10680*l + 24. Calculate q(0).
24
Let l(i) = 5*i**2 - 536986*i + 7. What is l(0)?
7
Let w(l) = -1416*l - 3127. Determine w(-3).
1121
Let h(j) = -4*j**2 - 107*j - 686. Give h(-20).
-146
Let x(k) = k**3 + 165*k**2 + 1691*k - 748. Determine x(-154).
-286
Let w(t) = 102073*t - 204159. Give w(2).
-13
Let n(f) = 1086*f - 31488. Give n(29).
6
Let j(y) = -y**3 - 13*y**2 - 106*y - 447. Calculate j(-7).
1
Let i(u) = 3*u**2 - 370*u + 3895. What is i(113)?
392
Let k(l) = -676*l + 44939. Determine k(66).
323
Let t(j) = -2*j**3 - 18*j**2 - 55*j - 749. Determine t(-10).
1
Let b(a) = -a**2 + 76101*a + 152198. What is b(-2)?
-8
Let u(x) = -42*x**2 + 812*x + 7. What is u(20)?
-553
Let i(m) = 13*m**2 - 3435*m + 40073. What is i(252)?
5
Let p(l) = -l**3 + 41*l**2 + 536*l + 1520. Determine p(-6).
-4
Let m(x) = -8*x**3 - 8*x**2 + 480*x - 476. What is m(1)?
-12
Let w(p) = 5*p**3 + 12*p**2 + 33*p + 40. Determine w(-6).
-806
Let u(p) = 193786*p + 12208499. Determine u(-63).
-19
Let w(t) = 2*t**2 - 24903*t - 299040. Determine w(-12).
84
Let q(w) = -12*w**2 + 146*w + 635. Calculate q(-6).
-673
Let w(m) = -11*m**2 - 1890*m - 73207. Give w(-59).
12
Let a(q) = -1820*q + 20407. Determine a(11).
387
Let x(u) = u**3 + 185*u**2 - 404*u - 5616. What is x(-187)?
-6
Let m(p) = p**3 + 149*p**2 + 250*p + 14998. Calculate m(-148).
-98
Let w(z) = -4342304*z + 104215300. What is w(24)?
4
Let i(a) = -103733*a + 1970983. Give i(19).
56
Let b(y) = -y**2 - y + 4615. Calculate b(65).
325
Let d(c) = 599*c + 10111. What is d(-17)?
-72
Let o(w) = w**2 + 408*w - 55104. Give o(107).
1
Let t(s) = -5*s**3 - 7*s**2 + 10*s - 41. Give t(0).
-41
Let b(x) = -86*x**2 + 62170*x + 62171. Calculate b(-1).
-85
Let g(j) = -11*j**2 - 116*j + 3211. Calculate g(-23).
60
Let w(m) = -2*m**3 - 67*m**2 + 920*m + 32491. What is w(-32)?
-21
Let r(m) = -8*m - 1150. What is r(6)?
-1198
Let f(r) = -2697*r - 14894. Calculate f(-5).
-1409
Let w(r) = -2556*r - 592939. What is w(-232)?
53
Let d(i) = -2*i**2 + 2516*i + 10031. Calculate d(-4).
-65
Let i(q) = 19*q**2 - 658*q + 1607. What is i(32)?
7
Let z(v) = -v**3 + 12*v**2 + 350*v - 3586. Calculate z(10).
114
Let k(f) = f**3 + 1043*f**2 - 11604*f - 10506. Give k(-1054).
34
Let r(c) = c**3 - 59*c**2 - 2154*c + 128352. Give r(58).
56
Let k(b) = 2342*b - 11622. What is k(5)?
88
Let k(i) = -5*i**2 + 1182*i - 2367. Give k(2).
-23
Let g(d) = d**3 - 79*d**2 + 627*d - 480. Calculate g(8).
-8
Let l(i) = -3*i**3 + 32*i**2 - 9*i + 2. Give l(6).
452
Let k(t) = -6566*t**2 + 52530*t + 17. Calculate k(8).
33
Let k(u) = -2*u**2 - 284*u - 3107. What is k(-118)?
2557
Let s(m) = -561*m + 4495. Determine s(11).
-1676
Let q(l) = -3*l**3 + 12*l**2 + 91*l + 21. Determine q(7).
217
Let q(b) = -b**3 - 263*b**2 - 25*b - 4184. Calculate q(-263).
2391
Let o(q) = -3366*q + 141339. What is o(42)?
-33
Let g(i) = -340724*i + 7495930. Determine g(22).
2
Let n(k) = -2538*k - 17747. What is n(-7)?
19
Let s(y) = 803*y + 5291. Determine s(-8).
-1133
Let v(a) = -12226*a - 1039205. What is v(-85)?
5
Let v(c) = -33*c**2 + 4254*c + 66088. Give v(-14).
64
Let u(w) = -w**2 + 17973*w + 792741. Determine u(-44).
-7
Let a(k) = -k**2 + 109*k - 746. Calculate a(60).
2194
Let p(m) = 256*m - 12968. Determine p(51).
88
Let i(h) = -h**3 - 7*h**2 + 53*h - 109. Determine i(-12).
-25
Let g(o) = -95*o**2 - 61*o + 20. Give g(-1).
-14
Let b(d) = d**3 + 10*d**2 - 63*d - 273. Determine b(-15).
-453
Let d(t) = 410*t**2 - 2506*t - 229. Give d(5).
-2509
Let d(m) = m**2 + 9613*m + 134387. What is d(-14)?
1
Let y(m) = m**3 - 112*m**2 + 820*m + 1413. What is y(104)?
165
Let a(y) = -928*y - 183581. Give a(-198).
163
Let r(q) = -28*q**2 - 1612*q + 6472. Calculate r(4).
-424
Let k(s) = 145018*s + 2610328. What is k(-18)?
4
Let s(q) = -q**3 + 8*q**2 + 568*q - 181. Calculate s(28).
43
Let s(o) = -13*o**3 - 7*o - 50. Give s(6).
-2900
Let t(q) = -q**3 + 158*q**2 - 576*q - 6186. What is t(154)?
-26
Let n(p) = p**3 + 216*p**2 + 3557*p - 1635. What is n(-198)?
-249
Let z(h) = -8236*h + 41154. Calculate z(5).
-26
Let i(w) = -5851*w - 2252626. Calculate i(-385).
9
Let j(a) = -a**3 - 120*a**2 - 461*a + 620. Calculate j(-116).
272
Let v(q) = 2*q**2 - 1474*q + 7382. What is v(5)?
62
Let k(y) = -499219*y - 499189. Calculate k(-1).
30
Let z(x) = 2*x**3 + 66*x**2 - 98*x - 2506. Determine z(-33).
728
Let m(l) = l**3 + 58*l**2 - 509*l - 8. Give m(6).
-758
Let q(h) = -h**2 + 27992*h + 252010. Determine q(-9).
1
Let c(d) = 5*d**3 + 765*d**2 + 5103*d - 1055. Give c(-146).
-33
Let o(t) = -4436*t + 359329. What is o(81)?
13
Let r(q) = -q**3 + 208*q**2 + 46*q - 9530. Give r(208).
38
Let k(u) = -u**3 - 100*u**2 - 366*u - 1029. What is k(-96)?
-2757
Let h(z) = 2*z**3 + 50*z**2 - 94*z - 1162. Determine h(-26).
-70
Let w(f) = 11*f**3 - 79*f**2 + 13*f + 19. Calculate w(7).
12
Let j(o) = -5221*o + 1983983. Determine j(380).
3
Let n(y) = -376*y + 185050. What is n(493)?
-318
Let x(y) = -6*y**3 - 301*y**2 + 1593*y - 110. Calculate x(-55).
0
Let p(u) = 3*u**2 - 119*u + 1665. What is p(14)?
587
Let p(k) = -3*k**2 - 33*k + 146. Determine p(7).
-232
Let l(u) = -4*u**3 + 80*u**2 - 302*u + 48. Calculate l(15).
18
Let i(b) = -140*b - 8474. Calculate i(-76).
2166
Let d(x) = -x**3 + 72*x**2 + 923*x + 101. Calculate d(83).
931
Let k(a) = -86*a**2 - 19524*a - 497. What is k(-227)?
-43
Let q(a) = 1707*a**2 - 216788*a - 128. Determine q(127).
-1
Let k(v) = 2*v**2 + 3130*v - 92443. What is k(29)?
9
Let x(q) = q**3 + 516*q**2 + 5534*q - 10603. Give x(-505).
2
Let l(x) = 1088*x**3 + 103*x**2 + 13*x + 10. Give l(-1).
-988
Let i(o) = -2*o**3 - 63*o**2 + 69*o + 154. Calculate i(-32).
-1030
Let h(a) = a**2 - 1204*a + 352790. Calculate h(700).
-10
Let w(k) = 10264*k + 71850. What is w(-7)?
2
Let x(j) = -14*j - 2652. Determine x(-1).
-2638
Let x(p) = -314*p + 2312. Determine x(6).
428
Let l(o) = 3*o**3 - 69*o**2 - 93*o - 144. Give l(25).
1281
Let n(l) = 3*l**2 + 479*l + 7905. Calculate n(-141).
9
Let h(s) = 4*s**3 + 386*s**2 + 918*s - 2074. What is h(-94)?
-6
Let t(u) = -2*u**2 - 784*u + 143446. What is t(136)?
-170
Let h(r) = 2*r**3 + 1571*r**2 - 682*r + 81730. Determine h(-786).
-14
Let m(w) = -8*w**3 - 328*w**2 + 88*w + 3811. Determine m(-41).
203
Let d(l) = -2419*l - 12325. What is d(-5)?
-230
Let v(m) = 3*m**3 + 14*m**2 - 1390*m + 54. Give v(-24).
6
Let j(r) = 322*r**2 + 48286*r - 2104. Give j(-150).
-4
Let b(i) = i**3 - 7*i**2 - 1122*i - 64. What is b(36)?
-2872
Let k(g) = -4*g**3 + 220*g**2 + 1753*g - 1057. Calculate k(62).
-3
Let n(t) = -92*t**2 + 416*t - 251. Give n(4).
-59
Let f(c) = 5*c**2 - 89*c - 1233. Determine f(34).
1521
Let a(u) = -4*u**3 - 12*u**2 + 28*u - 7. What is a(4)?
-343
Let i(t) = 29*t**3 - 68*t + 144. Calculate i(2).
240
Let z(h) = 11378*h + 68085. What is z(-6)?
-183
Let b(m) = 3456*m + 65626. Determine b(-19).
-38
Let n(m) = m**2 + 539*m + 16552. What is n(-33)?
-146
Let b(z) = 4*z**2 - 1909*z - 51842. What is b(503)?
-33
Let i(q) = -79*q**2 - 933*q - 37. What is i(-12)?
-217
Let b(i) = 22*i**2 - 27*i - 9. Calculate b(6).
621
Let s(d) = 41*d**3 - 398*d**2 + 24*d - 145. Calculate s(10).
1295
Let h(k) = 6742*k - 24900. What is h(4)?
2068
Let t(u) = -u**3 - 576*u**2 + 38880*u - 1414. Give t(61).
-11
Let d(c) = 7*c**2 - 390*c + 2696. Calculate d(7).
309
Let g(o) = 5*o**2 + 187*o - 20914. Determine g(-86).
-16
Let i(l) = -10400*l - 31440. Give i(-3).
-240
Let q(r) = r**3 - 32*r**2 + 223*r - 302. What is q(10)?
-272
Let i(y) = 103*y**2 + 400*y - 36. What is i(-5)?
539
Let o(q) = -667*q + 2566. Determine o(14).
-6772
Let v(g) = 510*g**2 + 7639*g - 55. Determine v(-15).
110
Let t(p) = 6*p**2 - 621*p + 1723. What is t(93)?
-4136
Let b(x) = -76582*x + 765823. Calculate b(10).
3
Let c(l) = -209*l + 3421. Determine c(15).
286
Let z(y) = 46*y + 2252. Calculate z(-47).
90
Let r(k) = k**2 + 50985*k + 3970700. Determine r(-78).
-46
Let m(c) = c**3 + 757*c**2 - 98299*c - 1236. Determine m(113).
7
Let c(a) = 51*a**2 + 23989*a - 15079. What is c(-471)?
-7
Let b(l) = 3*l**3 + 42*l**2 - 133*l - 166. Give b(4).
166
Let r(m) = m**3 + 62*m**2 + 127*m + 435. What is r(-60)?
15
Let y(p) = 18*p**2 - 4069*p - 3874. Calculate y(227).
-15
Let d(h) = h**3